)/(2/285). Calculate the greatest common factor of 38 and j.
19
Suppose 0 = 8*n - 6*n - 14. Let o(c) = -c**2 + 8*c + 1. Let b be o(n). Calculate the greatest common factor of 64 and b.
8
Suppose -229 = -f - 45. Suppose 0 = 5*k - 10, 5*k = 4*m - 7*m + 79. What is the highest common factor of m and f?
23
Suppose -24 = -2*u - u + 4*w, -u + 18 = 2*w. Suppose -6*c + 3*c = z - 26, -u = -2*c - 2*z. Calculate the greatest common factor of c and 15.
5
Suppose 0 = 5*l - 2*p + 6*p + 25, -l + p + 4 = 0. Let w = l + 8. What is the greatest common factor of w and 49?
7
Let c be (24/10)/((-6)/(-30)). Let f = c + -8. Let o be (-1)/f + 15/12. What is the highest common factor of o and 11?
1
Let a be 3 + -1 + 10/1. Let g be 5*-7 + (2 - -1). Let y be (g/a)/((-1)/3). What is the highest common divisor of y and 40?
8
Suppose 5*l + 29 = -v, 5*v + 13 = -2*l - l. Let w be 6/(-4) - 69/l. Let g = 53 - -27. What is the highest common divisor of w and g?
10
Let r be (60/(-16))/(-5)*48. What is the greatest common divisor of 60 and r?
12
Let j(v) = 4*v**2 + v + 2. Let c be j(-2). Let q = c - 1. What is the highest common divisor of q and 135?
15
Let y = -88 + 156. What is the highest common factor of 17 and y?
17
Suppose -308 = 8*m - 12*m. What is the greatest common divisor of m and 11?
11
Let v be 3 + 2/6*51. Calculate the greatest common factor of 10 and v.
10
Suppose m = 2*i - m - 58, -3*m + 153 = 5*i. Suppose -i - 2 = -4*l. Calculate the greatest common factor of 1 and l.
1
Suppose 0 = -9*y + 8*y + 11. What is the highest common divisor of 99 and y?
11
Let g(w) = w**2 + 6*w + 12. Let p be g(-12). Calculate the highest common factor of 21 and p.
21
Suppose 20*w - 5*w = 450. Let u be 2/(-5) + 227/5. What is the highest common factor of w and u?
15
Suppose 0 = 3*r - r + 4. Let b be (r - 3)/(1 - 2). Suppose 0 = 4*c + s - 165, -b*c + 4*c + 35 = -s. What is the greatest common divisor of 10 and c?
10
Suppose 0 = -5*g - 5 + 20. Suppose -88 + 223 = g*r. Calculate the highest common divisor of 30 and r.
15
Suppose -5*y - 4 = 3*c, 6*c - 8 = -y + c. Let v be (-1)/y - 13/(-2). What is the greatest common divisor of v and 63?
7
Let z be -33*(10/6 - 2). Let g(b) = b**2 - 2*b - 2. Let h be g(-2). Suppose h*m - 352 = 2*m. What is the highest common factor of m and z?
11
Let w(d) = d + 27. Let z be w(-13). What is the greatest common divisor of 98 and z?
14
Let j(k) = -k**2 - 6*k + 9. Let s be j(-8). Let x(r) = -r**2 - 7*r. Let u be x(s). Suppose u = -l + 3 + 7. Calculate the highest common divisor of 110 and l.
10
Suppose -q - 2*q = w - 24, -2*w = 4*q - 32. Calculate the greatest common factor of 88 and q.
8
Let f be 121/3 - (-1)/(-3). Let y = -6 + 16. Calculate the highest common divisor of y and f.
10
Let z = -23 + 50. What is the greatest common factor of z and 3?
3
Let w = 293 - 172. Let x = 4 + 7. Calculate the greatest common divisor of x and w.
11
Let d = -2 + 7. Suppose 2*i + 15 = d*i. Let k = -50 - -70. What is the highest common factor of k and i?
5
Suppose -2*l + 4*l + 30 = 0. Let h be 3/6 + l/(-2). What is the highest common factor of h and 12?
4
Suppose 25 = h + 4*h. Suppose k - h = -2. Let c be k + -1 + 16/4. What is the highest common factor of 66 and c?
6
Suppose 9*g = 80 + 172. What is the greatest common divisor of 140 and g?
28
Let c = -12 - 10. Let m = -6 - c. Calculate the greatest common factor of 128 and m.
16
Let p = 3 + 41. Calculate the greatest common factor of 484 and p.
44
Let v(m) = -m**2 - 2*m + 4. Let l be v(-7). Let y = 51 + l. Calculate the greatest common divisor of y and 30.
10
Let g(t) = -t**3 + 9*t**2 - t + 10. Let m = -21 - -30. Let j be g(m). Let o(b) = -4*b. Let q be o(-2). What is the highest common divisor of j and q?
1
Let h = 6 + -4. Suppose 0 = -3*b - 2*s + 12, 4*s - 21 + 5 = -h*b. Suppose -13 = -b*m + m. What is the highest common divisor of 91 and m?
13
Let u = -34 + 73. Calculate the greatest common factor of 273 and u.
39
Suppose -3*o - 18 = 5*l + 31, 0 = 3*o - 6. Let z = l + 18. Calculate the greatest common divisor of 21 and z.
7
Suppose -h - h = 128. Let l = h + 94. Calculate the highest common divisor of 10 and l.
10
Let t be (3/15)/(1/5) + 10. What is the greatest common divisor of t and 33?
11
Suppose 0 = 5*g - 3*s + 20 - 82, 4*g = -s + 36. What is the greatest common factor of g and 15?
5
Let o = 67 - 53. Calculate the greatest common factor of 14 and o.
14
Let l(a) = -4*a**3 + a - 1. Let r be l(1). Let v = -3 - r. Suppose -t - v = -2*t. What is the greatest common factor of t and 9?
1
Let u = -6 - -19. Suppose -3*o + 5*q + 183 = -236, 0 = -4*q + 8. Calculate the highest common divisor of o and u.
13
Let x(b) = -6*b + 1. Let p be x(-1). Let u = -5 + p. What is the highest common divisor of u and 6?
2
Suppose -s + 2 = j + s, 5*s = -5*j + 10. Suppose -16 = j*d - 4*d. Calculate the highest common divisor of d and 24.
8
Let l be (-771 - -3)/(-4) - -1. Let c = l + -105. What is the highest common divisor of c and 22?
22
Suppose 20 = 4*q - 24. Let w = -45 + q. Let s be (-14)/(1 + w/30). What is the greatest common divisor of 42 and s?
21
Suppose 2*m = 113 - 17. What is the greatest common factor of 32 and m?
16
Suppose -432 - 162 = -6*f. What is the greatest common divisor of f and 9?
9
Let h = -17 - -33. What is the greatest common factor of 176 and h?
16
Suppose -2*s + 3*s - 3 = 4*f, 26 = 3*s + 5*f. Suppose c - 5*o - 40 = 0, 2*c + 3*c = o + 176. Calculate the greatest common divisor of c and s.
7
Let h(a) = -2*a**2 - 2*a + 1. Let x be h(1). Let r(z) = -z**3 + 2*z**2 + 3*z - 4. Let b be r(x). Calculate the highest common factor of b and 8.
8
Let z = -1 + -6. Let b = z - -43. What is the highest common factor of 4 and b?
4
Let l be ((-10)/15)/(4/(-486)). Calculate the greatest common divisor of l and 9.
9
Let y be (-33)/(-18) + (-3)/(-18). Calculate the greatest common divisor of y and 16.
2
Let c be (11/2)/(3 - (-166)/(-56)). What is the highest common divisor of c and 22?
22
Let r = -129 - -352. Let l = -127 + r. Let a(u) = -u**3 + 4*u**2 + 3. Let j be a(3). Calculate the greatest common divisor of l and j.
12
Let c(p) = p - 13. Let y be c(15). Calculate the highest common factor of 14 and y.
2
Suppose 2*w + 4 = 0, -137 = -3*x + 4*w + 3. Calculate the greatest common factor of 11 and x.
11
Let u = 25 + -15. Let y(l) = -4*l**3 + l**2 + 6*l + 1. Let o be y(-2). Calculate the greatest common divisor of o and u.
5
Let z be 0/(1/(-2)*-2). Suppose 2*b + z*b + 5 = f, 0 = -2*f - 3*b - 11. Let x be (0 + f)/(-1) + 23. Calculate the highest common factor of 12 and x.
12
Suppose -4*i + 11 = -29. What is the highest common divisor of 10 and i?
10
Let s = -13 + -4. Let t = -10 - s. Calculate the greatest common factor of 35 and t.
7
Let u be (-4)/32*2 - (-3805)/20. What is the highest common divisor of u and 10?
10
Let w be (62 - 0)*(-35)/(-14). Calculate the highest common divisor of w and 62.
31
Suppose -h - 4*h + 10 = 0. Suppose -10 = -h*q + 3*n + 28, 2*n - 19 = -q. What is the highest common factor of q and 133?
19
Let s = 211 + -123. What is the greatest common factor of 8 and s?
8
Let z = -2 - -6. Suppose -y - 4*y + 3*q = -135, 0 = 2*y + z*q - 80. Calculate the greatest common divisor of y and 12.
6
Suppose 0 = -5*q - 23 + 208. What is the highest common divisor of q and 407?
37
Suppose 3*r - 4*r + 10 = 0. Let t = -19 - -4. Let v be r*(2 - 6/t). Calculate the greatest common divisor of v and 3.
3
Suppose 6 = q + 3*u + 14, 5 = -u. Let a(s) = 4*s**3 - 3*s**2 + s - 1. Let t be a(2). What is the highest common factor of q and t?
7
Suppose -5*v = -c + 44, -c - v = -14 - 36. Suppose 7*d - 2*d - 35 = 0. What is the highest common factor of c and d?
7
Let z = -47 + 89. Suppose z = 4*a - 5*i, 0*a - 20 = -2*a + 2*i. Let o = 3 - 2. Calculate the highest common factor of o and a.
1
Let m(p) = 10*p - 3. Let f be m(15). Calculate the highest common factor of 21 and f.
21
Suppose 2*d - 294 = -5*d. What is the greatest common divisor of 63 and d?
21
Let p = 120 + -76. Suppose -76 - 56 = -2*i. What is the greatest common divisor of i and p?
22
Let j = 7 - 3. Let u(w) be the first derivative of w**3/3 + w**2/2 + 2*w + 1. Let n be u(j). What is the greatest common factor of n and 33?
11
Let r be 15/12*(4 + 0). Suppose 2*b - 3*o = -2*b + 321, 0 = -r*o +